 common factor of 13 and 299?
13
What is the highest common divisor of 1269 and 27?
27
What is the greatest common divisor of 9 and 2367?
9
What is the greatest common factor of 1293 and 6?
3
What is the highest common divisor of 330 and 30?
30
What is the greatest common factor of 50 and 4?
2
What is the greatest common factor of 304 and 8?
8
What is the greatest common factor of 600 and 48?
24
What is the greatest common divisor of 60 and 885?
15
Calculate the highest common factor of 12 and 344.
4
What is the greatest common factor of 390 and 1040?
130
What is the highest common factor of 329 and 1739?
47
Calculate the highest common divisor of 1648 and 6077.
103
Calculate the greatest common divisor of 64 and 96.
32
Calculate the highest common divisor of 24 and 128.
8
What is the highest common divisor of 1872 and 2?
2
Calculate the highest common divisor of 60 and 48.
12
What is the greatest common divisor of 93 and 80445?
93
What is the greatest common factor of 11 and 43?
1
What is the highest common factor of 371 and 7?
7
Calculate the greatest common divisor of 752 and 1456.
16
What is the highest common divisor of 3937 and 341?
31
Calculate the highest common factor of 13 and 16913.
13
What is the greatest common divisor of 861 and 984?
123
Calculate the highest common divisor of 10045 and 105.
35
Calculate the greatest common factor of 4992 and 78.
78
Calculate the greatest common divisor of 1292 and 238.
34
Calculate the greatest common factor of 189 and 252.
63
Calculate the greatest common divisor of 36 and 27.
9
Calculate the highest common factor of 140 and 80.
20
What is the greatest common factor of 38 and 12806?
38
Calculate the highest common factor of 91 and 49.
7
What is the highest common divisor of 216 and 270?
54
What is the highest common factor of 825 and 66?
33
What is the greatest common factor of 768 and 6?
6
What is the highest common factor of 81 and 1323?
27
What is the highest common factor of 5904 and 12?
12
What is the greatest common factor of 82 and 246?
82
What is the greatest common divisor of 374 and 34?
34
Calculate the greatest common divisor of 1585 and 5.
5
Calculate the highest common factor of 246 and 6560.
82
What is the greatest common divisor of 176 and 11?
11
What is the highest common factor of 30 and 570?
30
Calculate the highest common factor of 145 and 4495.
145
What is the greatest common factor of 182 and 61698?
182
What is the highest common factor of 2 and 27?
1
What is the highest common divisor of 51 and 408?
51
What is the greatest common factor of 11 and 1936?
11
What is the highest common divisor of 138 and 736?
46
What is the highest common factor of 16 and 376?
8
Calculate the greatest common factor of 19918 and 69.
23
Calculate the greatest common divisor of 24 and 594.
6
Calculate the highest common divisor of 18 and 50.
2
What is the greatest common divisor of 99235 and 445?
445
What is the greatest common factor of 132 and 363?
33
Calculate the greatest common divisor of 24 and 1140.
12
Calculate the greatest common factor of 22 and 9031.
11
Calculate the greatest common factor of 9336 and 24.
24
What is the greatest common divisor of 156 and 4641?
39
Calculate the greatest common factor of 904 and 8.
8
Calculate the highest common factor of 48 and 2832.
48
What is the greatest common divisor of 99 and 4884?
33
Calculate the highest common factor of 205 and 164.
41
What is the greatest common divisor of 56 and 252?
28
What is the greatest common factor of 13755 and 15?
15
Calculate the highest common divisor of 1241 and 73.
73
Calculate the greatest common divisor of 35406 and 36.
18
What is the highest common factor of 1680 and 1020?
60
Calculate the highest common divisor of 2984 and 4.
4
Calculate the highest common divisor of 4961 and 242.
121
What is the greatest common divisor of 23 and 1?
1
Calculate the highest common divisor of 7 and 11767.
7
What is the highest common divisor of 136 and 170?
34
Calculate the greatest common factor of 650 and 156.
26
Calculate the highest common divisor of 206 and 30797.
103
What is the highest common divisor of 72 and 612?
36
What is the highest common factor of 6973 and 114?
19
Calculate the greatest common factor of 6950 and 400.
50
What is the greatest common factor of 812 and 35?
7
Calculate the greatest common factor of 15 and 15105.
15
What is the highest common divisor of 224 and 104?
8
What is the greatest common divisor of 76 and 11932?
76
Calculate the highest common divisor of 26 and 4.
2
Calculate the greatest common divisor of 20 and 940.
20
Calculate the highest common divisor of 41 and 2009.
41
Calculate the greatest common factor of 4698 and 870.
174
What is the highest common divisor of 4 and 457?
1
Calculate the greatest common divisor of 76 and 11248.
76
Calculate the greatest common factor of 103 and 15347.
103
What is the greatest common divisor of 666 and 18?
18
Calculate the greatest common factor of 620 and 20.
20
What is the highest common divisor of 20 and 650?
10
What is the highest common factor of 102 and 15?
3
Calculate the highest common factor of 6262 and 496.
62
What is the greatest common factor of 45 and 26145?
45
Calculate the highest common divisor of 2625 and 21.
21
What is the greatest common divisor of 174 and 116?
58
Calculate the highest common factor of 387 and 1376.
43
What is the greatest common divisor of 4864 and 16?
16
Calculate the greatest common divisor of 92 and 874.
46
Calculate the highest common divisor of 240 and 30.
30
What is the highest common factor of 2600 and 80?
40
What is the greatest common factor of 11 and 187?
11
What is the highest common divisor of 54 and 30?
6
Calculate the greatest common divisor of 624 and 2470.
26
Calculate the highest common factor of 44 and 121.
11
What is the greatest common divisor of 375 and 15?
15
What is the highest common factor of 17 and 13?
1
Calculate the highest common divisor of 345 and 735.
15
Calculate the highest common factor of 216 and 162.
54
What is the highest common divisor of 6 and 93?
3
Calculate the highest common factor of 184 and 16.
8
What is the greatest common divisor of 40 and 5750?
10
Calculate the highest common divisor of 32 and 112.
16
What is the highest common divisor of 36 and 576?
36
Calculate the highest common factor of 1781 and 65.
13
Calculate the highest common factor of 111 and 629.
37
Calculate the greatest common divisor of 106 and 4611.
53
Calculate the greatest common divisor of 750 and 30.
30
What is the highest common divisor of 8924 and 92?
92
What is the greatest common divisor of 2317 and 21?
7
Calculate the greatest common factor of 35 and 91.
7
Calculate the greatest common divisor of 24 and 1644.
12
Calculate the greatest common factor of 28 and 462.
14
What is the greatest common factor of 243 and 2349?
81
Calculate the greatest common divisor of 2651 and 176.
11
What is the highest common factor of 3 and 69?
3
What is the highest common factor of 86 and 129?
43
What is the highest common divisor of 180 and 324?
36
Calculate the greatest common factor of 315 and 70.
35
Calculate the highest common factor of 353 and 1.
1
What is the greatest common divisor of 1420 and 60?
20
Calculate the greatest common factor of 56 and 32.
8
Calculate the greatest common divisor of 1408 and 144.
16
What is the highest common divisor of 36 and 34?
2
What is the highest common factor of 126 and 168?
42
What is the greatest common divisor of 703 and 74?
37
What is the highest common factor of 64 and 29216?
32
What is the greatest common factor of 25 and 15?
5
Calculate the highest common factor of 6603 and 355.
71
What is the highest common divisor of 1 and 17?
1
What is the greatest common divisor of 8 and 2248?
8
Calculate the greatest common factor of 20 and 76.
4
What is the greatest common factor of 1346 and 2?
2
Calculate the greatest common divisor of 2993 and 205.
41
What is the highest common factor of 12 and 972?
12
Calculate the greatest common factor of 185 and 3293.
37
Calculate the greatest common divisor of 90 and 70.
10
Calculate the greatest common divisor of 15 and 1535.
5
What is the highest common factor of 1037 and 61?
61
What is the highest common factor of 176 and 4444?
44
Cal